{"id":143,"date":"2020-03-05T15:31:13","date_gmt":"2020-03-05T15:31:13","guid":{"rendered":"https:\/\/gartenstadt-haan.de\/?page_id=143"},"modified":"2021-12-30T17:51:37","modified_gmt":"2021-12-30T17:51:37","slug":"kleiderkammer","status":"publish","type":"page","link":"https:\/\/buergerstiftung-haan-gruiten.de\/index.php\/kleiderkammer\/","title":{"rendered":"Kleiderkammer"},"content":{"rendered":"\n<h3 class=\"wp-block-heading\">Mitgesellschafterin der Kleiderkammer Haan gGmbH<\/h3>\n\n\n\n<h5 class=\"wp-block-heading\"><strong>Wir sind seit dem 1.1.2018 Mitgesellschafterin der&nbsp;<a href=\"https:\/\/www.kleiderkammer-haan.de\/\">Kleiderkammer gGmbH<\/a>.&nbsp;<\/strong><\/h5>\n\n\n\n<figure class=\"wp-block-image size-large is-resized\"><a href=\"https:\/\/www.kleiderkammer-haan.de\"><img loading=\"lazy\" decoding=\"async\" src=\"https:\/\/buergerstiftung-haan-gruiten.de\/wp-content\/uploads\/2021\/12\/20201121-logo.jpeg\" alt=\"\" class=\"wp-image-962\" width=\"428\" height=\"57\" srcset=\"https:\/\/buergerstiftung-haan-gruiten.de\/wp-content\/uploads\/2021\/12\/20201121-logo.jpeg 601w, https:\/\/buergerstiftung-haan-gruiten.de\/wp-content\/uploads\/2021\/12\/20201121-logo-300x40.jpeg 300w\" sizes=\"auto, (max-width: 428px) 100vw, 428px\" \/><\/a><\/figure>\n\n\n\n<p>Die Kleiderkammer in der Friedrich-Ebert-Stra\u00dfe 111-117 in Haan ist&nbsp;<strong>offen f\u00fcr hilfebed\u00fcrftige<\/strong>&nbsp;<strong>Menschen<\/strong>, die sich aus eigenen Mitteln nicht ausreichend mit im Alltag notwendigen G\u00fctern versorgen k\u00f6nnen. Das Angebot richtet sich vorrangig an Personen, die in Haan oder in der unmittelbaren Umgebung wohnen.<br><br>Sachspenden der Haaner Bev\u00f6lkerung, vor allem Textilien und Hausrat, werden hier gesammelt, sortiert und gegen einen geringen Kostenbeitrag abgegeben.&nbsp;Alle Helferinnen und Helfer arbeiten auch hier&nbsp;<strong>ehrenamtlich<\/strong>.<\/p>\n\n\n\n<p>\u00dcbersch\u00fcsse, die hier erzielt werden, flie\u00dfen an die B\u00fcrgerstiftung, hierdurch kommen diese Gelder wieder Haan und seinen B\u00fcrgerinnen und B\u00fcrgern zugute.<\/p>\n\n\n\n<div class=\"wp-block-image\"><figure class=\"aligncenter\"><img decoding=\"async\" src=\"http:\/\/www.waldbaden-am-bodensee.de\/wp-content\/uploads\/2020\/03\/KK-Uberblick.jpg\" alt=\"kleiderkammer-haan.de\" class=\"wp-image-212\"\/><figcaption>Foto:  \u00a9 A. H\u00f6ner <\/figcaption><\/figure><\/div>\n\n\n\n<p>Wir freuen uns sehr \u00fcber diese Zusammenarbeit.<\/p>\n\n\n\n<p><a href=\"https:\/\/www.wz.de\/nrw\/kreis-mettmann\/haan-und-hilden\/buergerstiftung-knackt-die-millionenmarke_aid-25838887\">Bericht der Westdeutschen Zeitung vom 3.3.2018<\/a><\/p>\n","protected":false},"excerpt":{"rendered":"<p>Mitgesellschafterin der Kleiderkammer Haan gGmbH Wir sind seit dem 1.1.2018 Mitgesellschafterin der&nbsp;Kleiderkammer gGmbH.&nbsp; Die Kleiderkammer in der Friedrich-Ebert-Stra\u00dfe 111-117 in Haan ist&nbsp;offen f\u00fcr hilfebed\u00fcrftige&nbsp;Menschen, die sich aus eigenen Mitteln nicht ausreichend mit im Alltag notwendigen G\u00fctern versorgen k\u00f6nnen. Das Angebot richtet sich vorrangig an Personen, die in Haan oder in der unmittelbaren Umgebung wohnen. Sachspenden &#8230; <a title=\"Kleiderkammer\" class=\"read-more\" href=\"https:\/\/buergerstiftung-haan-gruiten.de\/index.php\/kleiderkammer\/\" aria-label=\"More on Kleiderkammer\">Read more<\/a><\/p>\n","protected":false},"author":1,"featured_media":0,"parent":0,"menu_order":0,"comment_status":"closed","ping_status":"closed","template":"","meta":{"footnotes":""},"class_list":["post-143","page","type-page","status-publish"],"_links":{"self":[{"href":"https:\/\/buergerstiftung-haan-gruiten.de\/index.php\/wp-json\/wp\/v2\/pages\/143","targetHints":{"allow":["GET"]}}],"collection":[{"href":"https:\/\/buergerstiftung-haan-gruiten.de\/index.php\/wp-json\/wp\/v2\/pages"}],"about":[{"href":"https:\/\/buergerstiftung-haan-gruiten.de\/index.php\/wp-json\/wp\/v2\/types\/page"}],"author":[{"embeddable":true,"href":"https:\/\/buergerstiftung-haan-gruiten.de\/index.php\/wp-json\/wp\/v2\/users\/1"}],"replies":[{"embeddable":true,"href":"https:\/\/buergerstiftung-haan-gruiten.de\/index.php\/wp-json\/wp\/v2\/comments?post=143"}],"version-history":[{"count":7,"href":"https:\/\/buergerstiftung-haan-gruiten.de\/index.php\/wp-json\/wp\/v2\/pages\/143\/revisions"}],"predecessor-version":[{"id":1978,"href":"https:\/\/buergerstiftung-haan-gruiten.de\/index.php\/wp-json\/wp\/v2\/pages\/143\/revisions\/1978"}],"wp:attachment":[{"href":"https:\/\/buergerstiftung-haan-gruiten.de\/index.php\/wp-json\/wp\/v2\/media?parent=143"}],"curies":[{"name":"wp","href":"https:\/\/api.w.org\/{rel}","templated":true}]}}