{"id":129,"date":"2020-03-05T15:07:01","date_gmt":"2020-03-05T15:07:01","guid":{"rendered":"https:\/\/gartenstadt-haan.de\/?page_id=129"},"modified":"2026-01-13T10:35:05","modified_gmt":"2026-01-13T10:35:05","slug":"spenden","status":"publish","type":"page","link":"https:\/\/buergerstiftung-haan-gruiten.de\/index.php\/spenden\/","title":{"rendered":"Spenden"},"content":{"rendered":"\n<h3 class=\"wp-block-heading\"><strong>Wir freuen uns \u00fcber jede Spende<\/strong><\/h3>\n\n\n\n<p>Diese kommt zeitnah bei Haaner B\u00fcrgerinnen und B\u00fcrgern oder in Projekten an und flie\u00dft nicht dem Stiftungskapital zu.<\/p>\n\n\n\n<div class=\"wp-block-group\"><div class=\"wp-block-group__inner-container is-layout-constrained wp-block-group-is-layout-constrained\">\n<h2 class=\"wp-block-heading\" id=\"line1\"><a>Jede Spende ist willkommen!<\/a><\/h2>\n\n\n\n<h4 class=\"wp-block-heading\"><strong>Unser Konto:<\/strong><\/h4>\n\n\n\n<h4 class=\"wp-block-heading\">B\u00fcrgerstiftung f\u00fcr Haan und Gruiten<br>Stadt-Sparkasse Haan<br>DE84 3035 1220 0091 3056 64<br>BIC&nbsp;WELADED1HAA<\/h4>\n\n\n\n<p><strong>Wenn es Ihnen gut geht, lassen Sie doch andere daran teilhaben.<\/strong><\/p>\n\n\n\n<p>F\u00fcr <a href=\"https:\/\/buergerstiftung-haan-gruiten.de\/index.php\/fordermoglichkeiten\/\" data-type=\"page\" data-id=\"92\">jede Art der Zuwendung<\/a> kann direkt eine Spendenbescheinigung ausgestellt werden!<br><strong>Bei einer Spende bis zu 300 Euro dient generell der folgende vereinfachte Spendennachweis in Verbindung mit Ihrem Zahlungsbeleg \/ Kontoauszug als Zuwendungsbest\u00e4tigung (Spendenquittung) zur Vorlage beim Finanzamt.<\/strong><\/p>\n\n\n\n<p><a href=\"https:\/\/buergerstiftung-haan-gruiten.de\/wp-content\/uploads\/2026\/01\/Vereinfachte-Spendenquittung.pdf\">Hier erhalten Sie die vereinfachte Spendenbescheinigung zum PDF-download.<\/a><\/p>\n<\/div><\/div>\n\n\n\n<p>Spenden bis 100 Euro \u00fcberweisen Sie bitte m\u00f6glichst direkt an o.g. Konto (zur Vermeidung von Kosten) und damit wir direkt per Newsletter (max 2-4x pro Jahr) in Kontakt bleiben k\u00f6nnen.<br>Nachfolgendes Betterplace-Formular ist ideal f\u00fcr monatlich\/j\u00e4hrliche Spenden, und bietet z.B. auch Kreditkarten und Paypal Transfers an. Hier werden uns 2,8% Transaktionskosten abgezogen und unseren Newsletter m\u00fcssten Sie selbst\u00e4ndig <a href=\"https:\/\/buergerstiftung-haan-gruiten.de\/index.php\/newsletter\/\">hier abonnieren<\/a>.<\/p>\n\n\n\n<script type=\"text\/javascript\">\n  \/* Configure at https:\/\/www.betterplace.org\/de\/manage\/projects\/169689-buergerstiftung-fuer-haan-gruiten\/iframe_donation_form\/new *\/\n  var _bp_iframe        = _bp_iframe || {};\n  _bp_iframe.project_id = 169689; \/* REQUIRED *\/\n  _bp_iframe.lang       = 'de'; \/* Language of the form *\/\n  _bp_iframe.width = 600; \/* Custom iframe-tag-width, integer *\/\n  _bp_iframe.color = '4b944b'; \/* Button and banderole color, hex without \"#\" *\/\n  _bp_iframe.background_color = 'ffffff'; \/* Background-color, hex without \"#\" *\/\n  _bp_iframe.default_amount = 50; \/* Donation-amount, integer 1-99 *\/\n  _bp_iframe.recurring_interval = 'yearly'; \/* Interval for recurring donations, string out of single, monthly und yearly *\/\n  _bp_iframe.bottom_logo = true;\n  (function() {\n    var bp = document.createElement('script'); bp.type = 'text\/javascript'; bp.async = true;\n    bp.src = 'https:\/\/betterplace-assets.betterplace.org\/assets\/load_donation_iframe.js';\n    var s = document.getElementsByTagName('script')[0]; s.parentNode.insertBefore(bp, s);\n  })();\n<\/script>\n<div id=\"betterplace_donation_iframe\" style=\"background: transparent url('https:\/\/www.betterplace.org\/assets\/new_spinner.gif') 275px 20px no-repeat;\"><strong><a href=\"https:\/\/www.betterplace.org\/de\/donate\/platform\/projects\/169689-buergerstiftung-fuer-haan-gruiten\">Jetzt Spenden f\u00fcr \u201eB\u00fcrgerstiftung f\u00fcr Haan &amp; Gruiten\u201c bei unserem Partner betterplace.org<\/a><\/strong><\/div>\n\n\n\n<div class=\"wp-block-group\"><div class=\"wp-block-group__inner-container is-layout-constrained wp-block-group-is-layout-constrained\">\n<h3 class=\"wp-block-heading\"><strong>Ihre Anl\u00e4sse einfach selbst zum Spenden-Sammeln nutzen<\/strong><\/h3>\n\n\n\n<p>Viele Anl\u00e4sse k\u00f6nnen zu einer nachhaltig wirkenden Spende f\u00fchren, wenn Sie statt der zugedachten Geschenke oder Blumen um einen Beitrag zu Gunsten der B\u00fcrgerstiftung bitten:<\/p>\n\n\n\n<p>Gelegenheiten hierzu bieten sich h\u00e4ufig, z. B.:&nbsp;<br>\u2022 Geburtstage<br>\u2022 Firmenjubil\u00e4um<br>\u2022 Weihnachten<br>\u2022 Tag der offenen T\u00fcr<br>\u2022 oder statt Blumen und Kr\u00e4nze usw.<\/p>\n\n\n\n<p>Ganz einfach geht das bei unserem gemeinn\u00fctzigen Partner betterplace.org &#8211; hier einfach Ihre <a href=\"https:\/\/www.betterplace.org\/de\/fundraising-events\/registration\/new?project_id=169689&amp;tracking_via=project-promoter-banner\" target=\"_blank\" rel=\"noreferrer noopener\">pers\u00f6nliche Spendenaktion f\u00fcr uns starten<\/a>!<\/p>\n<\/div><\/div>\n","protected":false},"excerpt":{"rendered":"<p>Wir freuen uns \u00fcber jede Spende Diese kommt zeitnah bei Haaner B\u00fcrgerinnen und B\u00fcrgern oder in Projekten an und flie\u00dft nicht dem Stiftungskapital zu. Spenden bis 100 Euro \u00fcberweisen Sie bitte m\u00f6glichst direkt an o.g. Konto (zur Vermeidung von Kosten) und damit wir direkt per Newsletter (max 2-4x pro Jahr) in Kontakt bleiben k\u00f6nnen.Nachfolgendes Betterplace-Formular &#8230; <a title=\"Spenden\" class=\"read-more\" href=\"https:\/\/buergerstiftung-haan-gruiten.de\/index.php\/spenden\/\" aria-label=\"More on Spenden\">Read more<\/a><\/p>\n","protected":false},"author":1,"featured_media":0,"parent":0,"menu_order":0,"comment_status":"closed","ping_status":"closed","template":"","meta":{"footnotes":""},"class_list":["post-129","page","type-page","status-publish"],"_links":{"self":[{"href":"https:\/\/buergerstiftung-haan-gruiten.de\/index.php\/wp-json\/wp\/v2\/pages\/129","targetHints":{"allow":["GET"]}}],"collection":[{"href":"https:\/\/buergerstiftung-haan-gruiten.de\/index.php\/wp-json\/wp\/v2\/pages"}],"about":[{"href":"https:\/\/buergerstiftung-haan-gruiten.de\/index.php\/wp-json\/wp\/v2\/types\/page"}],"author":[{"embeddable":true,"href":"https:\/\/buergerstiftung-haan-gruiten.de\/index.php\/wp-json\/wp\/v2\/users\/1"}],"replies":[{"embeddable":true,"href":"https:\/\/buergerstiftung-haan-gruiten.de\/index.php\/wp-json\/wp\/v2\/comments?post=129"}],"version-history":[{"count":28,"href":"https:\/\/buergerstiftung-haan-gruiten.de\/index.php\/wp-json\/wp\/v2\/pages\/129\/revisions"}],"predecessor-version":[{"id":3127,"href":"https:\/\/buergerstiftung-haan-gruiten.de\/index.php\/wp-json\/wp\/v2\/pages\/129\/revisions\/3127"}],"wp:attachment":[{"href":"https:\/\/buergerstiftung-haan-gruiten.de\/index.php\/wp-json\/wp\/v2\/media?parent=129"}],"curies":[{"name":"wp","href":"https:\/\/api.w.org\/{rel}","templated":true}]}}