{"id":1020,"date":"2022-03-07T07:31:29","date_gmt":"2022-03-07T07:31:29","guid":{"rendered":"https:\/\/buergerstiftung-haan-gruiten.de\/?page_id=1020"},"modified":"2025-11-17T14:51:09","modified_gmt":"2025-11-17T14:51:09","slug":"stark-fuer-musik","status":"publish","type":"page","link":"https:\/\/buergerstiftung-haan-gruiten.de\/index.php\/stark-fuer-musik\/","title":{"rendered":"Stark f\u00fcr Musik"},"content":{"rendered":"\n<p>Musikalische Bildung darf nicht am Geld scheitern. Um dies zu realisieren, haben wir gemeinsam mit der Musikschule Haan ein tolles Projekt ins Leben gerufen. <br>Hier soll es auch einkommensschw\u00e4chere Familien einfacher m\u00f6glich sein, ein Instrument zu lernen. <\/p>\n\n\n\n<p><br>Im Jahr 2020 entstand die Idee und konnte schnell umgesetzt werden. Begleitet wird die Auswertung der Antr\u00e4ge durch Lehrkr\u00e4fte der Haaner Schulen. <br>Wir haben zu Beginn eine Anschubfinanzierung in H\u00f6he von 5.000,00 \u20ac zur Verf\u00fcgung gestellt.<br>Das Projekt wird bis heute noch fortgef\u00fchrt. Der Zuschuss wird, je nach Einkommen, gestaffelt. Seitdem unterst\u00fctzen wir Sch\u00fclerinnen und Sch\u00fcler jedes Jahr, damit der Musikunterricht erm\u00f6glicht wird. Hierf\u00fcr stellen wir j\u00e4hrlich mehr als 10.000,00 \u20ac zur Verf\u00fcgung.<\/p>\n\n\n\n<p>Das Ansprechen der jeweiligen Familien sowie die Antragstellung erfolgt durch die Schulen und die Musikschule . Dazu dient ein einfaches Formular. (Sie finden unten den Link zur Anmeldung). Dar\u00fcber hinaus gibt es eine Verlinkung mit den Homepages der Schulen. <\/p>\n\n\n\n<figure class=\"wp-block-image size-large is-resized\"><img loading=\"lazy\" decoding=\"async\" width=\"950\" height=\"526\" src=\"https:\/\/buergerstiftung-haan-gruiten.de\/wp-content\/uploads\/2022\/03\/w950_h526_x599_y405_RP_SK_Stark_fuer_Musik_HA_01-9e886fff21e7beee.jpg\" alt=\"\" class=\"wp-image-1021\" style=\"width:592px;height:327px\" srcset=\"https:\/\/buergerstiftung-haan-gruiten.de\/wp-content\/uploads\/2022\/03\/w950_h526_x599_y405_RP_SK_Stark_fuer_Musik_HA_01-9e886fff21e7beee.jpg 950w, https:\/\/buergerstiftung-haan-gruiten.de\/wp-content\/uploads\/2022\/03\/w950_h526_x599_y405_RP_SK_Stark_fuer_Musik_HA_01-9e886fff21e7beee-300x166.jpg 300w, https:\/\/buergerstiftung-haan-gruiten.de\/wp-content\/uploads\/2022\/03\/w950_h526_x599_y405_RP_SK_Stark_fuer_Musik_HA_01-9e886fff21e7beee-768x425.jpg 768w\" sizes=\"auto, (max-width: 950px) 100vw, 950px\" \/><\/figure>\n\n\n\n<h6 class=\"wp-block-heading has-small-font-size\">(Hier ein Bild der Rheinischen Post, Foto Stephan K\u00f6hlen)<\/h6>\n\n\n\n<p><a href=\"https:\/\/form.jotform.com\/220435102156341\">Hier finden Sie den Link zur Anmeldung!<\/a><\/p>\n","protected":false},"excerpt":{"rendered":"<p>Musikalische Bildung darf nicht am Geld scheitern. Um dies zu realisieren, haben wir gemeinsam mit der Musikschule Haan ein tolles Projekt ins Leben gerufen. Hier soll es auch einkommensschw\u00e4chere Familien einfacher m\u00f6glich sein, ein Instrument zu lernen. Im Jahr 2020 entstand die Idee und konnte schnell umgesetzt werden. Begleitet wird die Auswertung der Antr\u00e4ge durch &#8230; <a title=\"Stark f\u00fcr Musik\" class=\"read-more\" href=\"https:\/\/buergerstiftung-haan-gruiten.de\/index.php\/stark-fuer-musik\/\" aria-label=\"More on Stark f\u00fcr Musik\">Read more<\/a><\/p>\n","protected":false},"author":2,"featured_media":0,"parent":0,"menu_order":0,"comment_status":"closed","ping_status":"closed","template":"","meta":{"footnotes":""},"class_list":["post-1020","page","type-page","status-publish"],"_links":{"self":[{"href":"https:\/\/buergerstiftung-haan-gruiten.de\/index.php\/wp-json\/wp\/v2\/pages\/1020","targetHints":{"allow":["GET"]}}],"collection":[{"href":"https:\/\/buergerstiftung-haan-gruiten.de\/index.php\/wp-json\/wp\/v2\/pages"}],"about":[{"href":"https:\/\/buergerstiftung-haan-gruiten.de\/index.php\/wp-json\/wp\/v2\/types\/page"}],"author":[{"embeddable":true,"href":"https:\/\/buergerstiftung-haan-gruiten.de\/index.php\/wp-json\/wp\/v2\/users\/2"}],"replies":[{"embeddable":true,"href":"https:\/\/buergerstiftung-haan-gruiten.de\/index.php\/wp-json\/wp\/v2\/comments?post=1020"}],"version-history":[{"count":9,"href":"https:\/\/buergerstiftung-haan-gruiten.de\/index.php\/wp-json\/wp\/v2\/pages\/1020\/revisions"}],"predecessor-version":[{"id":3024,"href":"https:\/\/buergerstiftung-haan-gruiten.de\/index.php\/wp-json\/wp\/v2\/pages\/1020\/revisions\/3024"}],"wp:attachment":[{"href":"https:\/\/buergerstiftung-haan-gruiten.de\/index.php\/wp-json\/wp\/v2\/media?parent=1020"}],"curies":[{"name":"wp","href":"https:\/\/api.w.org\/{rel}","templated":true}]}}